 = -f. Let p = c - -4. Give h(p).
5
Let j(h) = -3*h + 2. Suppose -13 = -4*f - 1. Suppose 15 = -f*t + 6*t. Determine j(t).
-13
Let y(o) = -o**2 + 2*o - 2. Suppose 25*l - 4 = 24*l. Suppose 0*g + 2*g - l = 0. What is y(g)?
-2
Let i(x) = -31415*x + 3*x**3 + 31414*x + 4*x**2 + 7 - 2*x**3 - 14*x**2. Calculate i(10).
-3
Suppose -13*t + 99 = -2*t. Let a(r) = 208*r - 418*r + t + 209*r. Give a(9).
0
Suppose 0 = 5*g, -2*v - 3*g = -7*v + 30. Let h(o) = -o**2 + 7*o. Give h(v).
6
Let r(n) = n + 5 - 4 + 1. Let t(u) = -3*u + 6*u - 42 - 26. Let f be t(22). What is r(f)?
0
Let z(o) = -o**3 + 3*o**2 + 12*o - 9. Let j(p) = p**3 - p**2 - 12*p + 10. Let m(c) = 4*j(c) + 5*z(c). Calculate m(12).
-5
Let q(u) = 2*u - 3. Let l(m) = -m**3 + 4*m**2 + 7*m - 6. Let f be l(5). Let z be f*((-2)/20)/(4/(-30)). What is q(z)?
3
Suppose 4*c = -3*v, c - 3 = 3*v + 12. Let z(w) = -131 + 6*w - 136 + 269. Let q(u) = 11*u + 3. Let s(d) = c*q(d) - 5*z(d). Calculate s(1).
2
Let h = 752 - 753. Let u(g) = -15*g. Let q(s) = -s. Let z(d) = -10*q(d) + u(d). What is z(h)?
5
Let k(n) = -n**3 + 5*n**2 + 2*n - 2. Let g = -15 + 19. Let m be -6 - (1 + 1 - g). Let p be 10/(1/(m/(-8))). Give k(p).
8
Let c(a) = -2*a**2 - a**3 + a + a + 2*a**2 + 2*a + 3 + 5*a**2. Determine c(5).
23
Let a(s) = 4*s**2 + s**2 - 3*s**2 + 4*s**2 - s - 5*s**2. Let w(o) = -o**3 - 4*o**2 + 11*o. Let h be w(-6). Determine a(h).
30
Let m = 191 + -183. Let j(n) = -4*n**3 + 6*n**2 - 13*n + 11. Let q(c) = -3*c**3 + 7*c**2 - 12*c + 11. Let l(u) = 2*j(u) - 3*q(u). What is l(m)?
5
Let j(g) = 9 + 10 + 31*g - 32*g - 1. Calculate j(11).
7
Let q(f) = -2*f**2 - f - 1. Suppose -5*k = -2*i + 15, -5*k = -i + 5*i + 15. Let m be (i + 1 - -3)/2. What is q(m)?
-11
Let x(d) = 91 - 2*d + d - 97. Give x(-4).
-2
Let g(y) = 3*y - 5*y - 4 + 5 + 3 - 2*y. Calculate g(6).
-20
Suppose 0 = 5*j + 8 - 3. Let u(w) = 5*w**2 + 2*w**2 - 4*w**2. Determine u(j).
3
Let h(m) be the first derivative of m**4/2 + m**3/3 - 2659. Let c(b) = b**3 - 5*b**2 + 4*b - 1. Let a be c(4). Determine h(a).
-1
Let q = 88 + -90. Let z(f) = 3*f + 2 + 0*f - 6*f. Let y(l) = -l. Let k(r) = 4*y(r) - z(r). Give k(q).
0
Suppose 0 = 5*d + 3*t - 116, -5*d = -4*t - 49 - 88. Let f = d + -26. Let y be f*(8/2)/4. Let i(r) = -5*r**3 + 2*r**2 + 2*r + 1. Determine i(y).
6
Let t(n) = n**2 - 4*n - 2. Let r(k) = -k**3 - 7*k**2 + 9*k - 7. Let s be r(-8). Let w be ((-2)/(-3))/(3/27). Let g be 3 + -5*w/s. What is t(g)?
3
Suppose 4*c - 5*m - 5 = 0, -2*c + 19 = 3*c - 2*m. Let i(x) = -5*x + 4. Determine i(c).
-21
Let h be (-123 - -122) + (-1 - 3). Let j(u) = -4*u + 1. Let g(q) = -11*q + 2. Let o(w) = -3*g(w) + 8*j(w). Calculate o(h).
-3
Let g = 18 - 11. Let u(j) = -g + 18*j - 7*j - 7*j - 5*j. Determine u(0).
-7
Let a(f) = -202*f + 195*f + 0*f**2 + 7 - f**2. Calculate a(-6).
13
Let i(k) = k**3 - k**2 - k + 19. Let s(y) = -4*y**2 - 2*y. Let t be s(0). Give i(t).
19
Let a(g) be the first derivative of g**4/4 - 2*g**3/3 - 156. Determine a(3).
9
Let d(m) be the third derivative of -m**5/60 + 7*m**4/24 - 7*m**3/6 + 137*m**2. Let b be (-2)/2 + (2 - -3). Let o = 9 - b. Give d(o).
3
Suppose -3*j + 2 + 8 = 4*b, -5*b = -5*j + 5. Suppose -2*m - 13 = c, -2 = 2*c - j*m - 0. Let l(v) = -v**2 + 7*v - v - 2 - 17*v + 3*v. What is l(c)?
13
Let k = 225 + -315. Let r be 16 - (8/(-10))/(24/60). Let l be 20/k - 104/r. Let q(b) = -b**3 - 7*b**2 - 4*b - 2. Calculate q(l).
-14
Suppose -3*t = 49 - 82. Let q(c) = -c - 12. What is q(t)?
-23
Let c(y) be the first derivative of -y**3/6 + 2*y**2 - y - 1. Let b(j) be the first derivative of c(j). Determine b(-4).
8
Let g be (72/(-42))/((-3)/14). Let x(d) = -7*d - 8. Calculate x(g).
-64
Let z(u) be the second derivative of -u**3/3 + u**2/2 + 14*u - 4. Calculate z(-10).
21
Let q(k) = -4*k + 7*k - 2*k. Let n(v) = -v**2 + 4*v + 1. Let r be n(3). Suppose -h - 2 + r = 0. Give q(h).
2
Let q(a) = 3*a**2 + 2*a - 2. Suppose -5*d - 29 = -f - 0*f, 4*d = -3*f + 30. Let w be (-4*2)/(4/8). Let m = f + w. What is q(m)?
6
Let f(c) = -c - 1. Let l(i) = -4*i - 3. Let v(g) = 3*f(g) - l(g). Calculate v(-6).
-6
Let a(o) = 2*o**2 + 2*o - 7. Let j(l) = l - 1. Let b(k) = -a(k) + 6*j(k). Suppose 16 = 2*n + 2*d, d = n + 4 - 2. Suppose 15 = n*p + 6. Give b(p).
-5
Let g(y) be the third derivative of -y**5/15 + 3*y**4/8 - y**3/6 - 231*y**2. What is g(4)?
-29
Let z(u) = -5*u - 12*u**2 + 11*u**2 - 3 - 3*u + 3*u. Calculate z(-6).
-9
Let b(a) = -a**3 + 5*a**2 + 5. Let j = 466 - 462. Give b(j).
21
Let t(n) = -4*n - 20. Let k(q) be the third derivative of -q**4/24 - q**3/6 - 8*q**2. Let u(r) = 3*k(r) - t(r). What is u(-8)?
9
Let u(w) be the first derivative of -2*w**2 + w + 136. Determine u(3).
-11
Let k = 6 + -7. Let r(l) = -l**3 + l**2 + l. Let a be r(k). Let w(t) = -t + 4*t - a + 3*t + 2*t. Determine w(-1).
-9
Let t = 1315 + -1335. Let j(o) = o + 18. What is j(t)?
-2
Let x be 34*(-3 - (-14)/4). Let b(r) = -7*r - 18. Let n(g) = 20*g + 53. Let h(q) = x*b(q) + 6*n(q). Determine h(-6).
6
Suppose -199*f = -203*f. Let l(m) be the second derivative of 1/3*m**3 + 9/2*m**2 + f + 6*m - 1/20*m**5 - 1/2*m**4. Give l(-6).
-3
Let j(a) = a. Let y be 890/(-1335)*((-90)/(-4))/(-3). Calculate j(y).
5
Let g(k) = -15*k - 10*k + 2 + 21*k + k**2. What is g(4)?
2
Let w be 4/6*(-3)/2. Let x(c) = -2*c**3 - c**2 - c - 1. Let y be x(w). Let f(r) = -4*r**2 + 4*r**2 + 11*r - y - 9*r + r**3 - 4*r**2. What is f(4)?
7
Let s(w) = 1 + 86*w**2 - w - 42*w**2 - 42*w**2. Calculate s(-3).
22
Let r(v) = v. Let n be r(3). Let b(u) = -12 - u + 4 + n + 3. Let w = -5 + 2. What is b(w)?
1
Let y(j) = -j + 2. Suppose 80 = t + 7*t. Let b be t/((-6)/(2 + 1)). Determine y(b).
7
Let c(s) be the second derivative of s**5/20 - 4*s**4/3 + 8*s**3/3 - 9*s**2/2 - s + 52. Give c(15).
6
Let h = 1483 + -1501. Let i(k) = k**2 + 21*k + 37. Give i(h).
-17
Let s(c) = -c**3 - 8*c**2 - 12*c + 9. Let q be s(-6). Let w(p) = -2*p + q*p + p. Calculate w(-1).
-8
Let i(z) = -2 + 303*z + 10 - 301*z. Determine i(-4).
0
Let w(j) = -10*j - 85. Let x be (2 - -4)/((-12)/16). Give w(x).
-5
Let p(r) = 3*r**2 + r - 1. Let g be p(-2). Let m(n) = n**2 + 8 - 3*n - g + n. Give m(3).
2
Suppose n - 8 = 3*n - 2*q, 0 = -3*q + 9. Let t(b) be the first derivative of -2*b**2 + 152. What is t(n)?
4
Let c(v) = -23*v**2 + 1. Let f be (-2613)/1809 - 4/(-9). What is c(f)?
-22
Let j(o) = -o**2 - 2*o - 4. Let c(s) = 7*s - 219. Let k be c(30). Calculate j(k).
-67
Suppose 12 = -3*p, 0 = -2*x - 5*p + 4*p - 18. Let q(o) = o + 6. What is q(x)?
-1
Let y = -276 + 280. Let j(f) be the first derivative of -7/2*f**2 - 1 - 5/3*f**3 + 1/4*f**y + 2*f. Give j(6).
-4
Let o(q) be the first derivative of -q**3/3 + q - 99. Calculate o(-4).
-15
Let d(x) = x**3 + 6*x**2 - 18. Suppose 5*v + 75 = -10*v. Give d(v).
7
Suppose 4*r = 5*r - 2. Suppose 7*s - r*s - 4*i + 20 = 0, -2*s = 4*i + 8. Let q(k) = -k**3 - 3*k**2 + 2*k - 3. What is q(s)?
5
Let z(m) = 4*m - 23. Let r be z(7). Let t(c) = -c - r*c + 2*c + 3*c + 1. Determine t(3).
-2
Let o(g) = -g + 3. Let c(x) = x - 7. Suppose 2*t + 5*d = -5, -3*t + 2 = -d + 1. Let p = t + 12. Let k be c(p). Determine o(k).
-2
Let h(g) = -g - 14. Let w(b) = b**3 - 2*b**2 + 3*b - 3. Let q be w(2). Suppose -3*m - 36 = 5*u, -4*u = q*m + 2*m + 34. Calculate h(u).
-8
Suppose 6*t - 30 = -4*t. Let a(u) = 67*u**2 - 134*u**2 + t + 3*u + u**3 + 70*u**2. Determine a(-4).
-25
Suppose 32 = -z - 2*x, 3*z + 0*x + 68 = x. Let k = -27 - z. Let r(u) = -u**2 - 5*u. What is r(k)?
6
Let t(l) = 2*l**2 - 4. Let b(q) = 39*q + 627. Let g be b(-16). Give t(g).
14
Suppose -3*s - 5 = 2*s. Let k(v) be the first derivative of 5*v**4 + v**3/3 - 117. Determine k(s).
-19
Let a(q) = q - 5. Let h(c) = -32*c. Let v be h(1). Let s be (-816)/v - 6/(-4). Suppose -p = -3*l - 11, 5*p - s = 2*l - l. Determine a(p).
0
Let c(j) = -j - 8. Suppose -5*p - 19 = -5*w + 11, 18 = 3*w - 5*p. What is c(w)?
-14
Let k(y) = y. Let x(w) be the first derivative of 2*w**2 + w - 22. Let d(n) = -8*k(n) + 3*x(n). What is d(-4)?
-13
Suppose -20 + 4 = 4*o. Let s(b) = b**2 + 2*b - 4. Let c be s(o). Suppose 2*f + c = -0*f. Let y(a) = 4*a + 2. Give y(f).
-6
Let a(b) be the third derivative of -b**6/120 + b**5/12 + 5*b**4/24 - 5*b**3/6 + 40*b**2 + b. What is a(6)?
-11
Let u be (2/15*10)/((-4)/(-12)). Let q(l) = -l**3 + 4*l**2 + 5*l - 6. Determine q(u).
14
Suppose -3*m + 18 